{"id":1925,"date":"2020-10-15T06:26:56","date_gmt":"2020-10-15T06:26:56","guid":{"rendered":"https:\/\/hrf-2023.at2s.ch\/?page_id=1925"},"modified":"2022-12-01T10:17:24","modified_gmt":"2022-12-01T10:17:24","slug":"agenda","status":"publish","type":"page","link":"https:\/\/hrf-2023.at2s.ch\/fr\/fur-besuchende-fr\/agenda\/","title":{"rendered":"Agenda"},"content":{"rendered":"\n<p><strong>Le HR Festival europe aura lieu les 28 &amp; 29 mars 2023.<\/strong><\/p>\n\n\n\n<p><strong>Le programme et l&rsquo;agenda seront r\u00e9guli\u00e8rement mis en ligne ici \u00e0 partir de la mi-d\u00e9cembre. Les billets seront disponibles \u00e0 partir de janvier 2023. <\/strong>Les places dans les ateliers \u00e9tant limit\u00e9es, nous vous recommandons de r\u00e9server rapidement. R\u00e9servez d\u00e9j\u00e0 la <strong>soir\u00e9e du 28 mars 2023<\/strong> pour la Networking Party. Celle-ci aura lieu \u00e0 la suite du HR FESTIVAL europe \u00e0 la Foire de Zurich.<\/p>\n","protected":false},"excerpt":{"rendered":"<p>Le HR Festival europe aura lieu les 28 &amp; 29 mars 2023. Le programme et l&rsquo;agenda seront r\u00e9guli\u00e8rement mis en ligne ici \u00e0 partir de la mi-d\u00e9cembre. Les billets seront disponibles \u00e0 partir de janvier 2023. Les places dans les ateliers \u00e9tant limit\u00e9es, nous vous recommandons de r\u00e9server rapidement. R\u00e9servez d\u00e9j\u00e0 la soir\u00e9e du 28 [&hellip;]<\/p>\n","protected":false},"author":1,"featured_media":0,"parent":7567,"menu_order":2,"comment_status":"closed","ping_status":"closed","template":"","meta":{"ub_ctt_via":""},"featured_image_src":null,"uagb_featured_image_src":{"full":false,"thumbnail":false,"medium":false,"medium_large":false,"large":false,"1536x1536":false,"2048x2048":false},"uagb_author_info":{"display_name":"at2S-Sam","author_link":"https:\/\/hrf-2023.at2s.ch\/fr\/author\/at2S-Sam\/"},"uagb_comment_info":0,"uagb_excerpt":"Le HR Festival europe aura lieu les 28 &amp; 29 mars 2023. Le programme et l&rsquo;agenda seront r\u00e9guli\u00e8rement mis en ligne ici \u00e0 partir de la mi-d\u00e9cembre. Les billets seront disponibles \u00e0 partir de janvier 2023. Les places dans les ateliers \u00e9tant limit\u00e9es, nous vous recommandons de r\u00e9server rapidement. R\u00e9servez d\u00e9j\u00e0 la soir\u00e9e du 28\u2026","acf":[],"_links":{"self":[{"href":"https:\/\/hrf-2023.at2s.ch\/fr\/wp-json\/wp\/v2\/pages\/1925"}],"collection":[{"href":"https:\/\/hrf-2023.at2s.ch\/fr\/wp-json\/wp\/v2\/pages"}],"about":[{"href":"https:\/\/hrf-2023.at2s.ch\/fr\/wp-json\/wp\/v2\/types\/page"}],"author":[{"embeddable":true,"href":"https:\/\/hrf-2023.at2s.ch\/fr\/wp-json\/wp\/v2\/users\/1"}],"replies":[{"embeddable":true,"href":"https:\/\/hrf-2023.at2s.ch\/fr\/wp-json\/wp\/v2\/comments?post=1925"}],"version-history":[{"count":19,"href":"https:\/\/hrf-2023.at2s.ch\/fr\/wp-json\/wp\/v2\/pages\/1925\/revisions"}],"predecessor-version":[{"id":7832,"href":"https:\/\/hrf-2023.at2s.ch\/fr\/wp-json\/wp\/v2\/pages\/1925\/revisions\/7832"}],"up":[{"embeddable":true,"href":"https:\/\/hrf-2023.at2s.ch\/fr\/wp-json\/wp\/v2\/pages\/7567"}],"wp:attachment":[{"href":"https:\/\/hrf-2023.at2s.ch\/fr\/wp-json\/wp\/v2\/media?parent=1925"}],"curies":[{"name":"wp","href":"https:\/\/api.w.org\/{rel}","templated":true}]}}

<p><strong>Le HR Festival europe aura lieu les 28 &amp; 29 mars 2023.</strong></p>



<p><strong>Le programme et l&rsquo;agenda seront régulièrement mis en ligne ici à partir de la mi-décembre. Les billets seront disponibles à partir de janvier 2023. </strong>Les places dans les ateliers étant limitées, nous vous recommandons de réserver rapidement. Réservez déjà la <strong>soirée du 28 mars 2023</strong> pour la Networking Party. Celle-ci aura lieu à la suite du HR FESTIVAL europe à la Foire de Zurich.</p>

<p>Le HR Festival europe aura lieu les 28 &amp; 29 mars 2023. Le programme et l&rsquo;agenda seront régulièrement mis en ligne ici à partir de la mi-décembre. Les billets seront disponibles à partir de janvier 2023. Les places dans les ateliers étant limitées, nous vous recommandons de réserver rapidement. Réservez déjà la soirée du 28 [&hellip;]</p>

Le HR Festival europe aura lieu les 28 &amp; 29 mars 2023. Le programme et l&rsquo;agenda seront régulièrement mis en ligne ici à partir de la mi-décembre. Les billets seront disponibles à partir de janvier 2023. Les places dans les ateliers étant limitées, nous vous recommandons de réserver rapidement. Réservez déjà la soirée du 28…
