{"id":5977,"date":"2020-08-17T14:13:36","date_gmt":"2020-08-17T14:13:36","guid":{"rendered":"https:\/\/hrf-2023.at2s.ch\/infos\/besucher\/"},"modified":"2022-12-01T09:17:16","modified_gmt":"2022-12-01T09:17:16","slug":"besucher","status":"publish","type":"page","link":"https:\/\/hrf-2023.at2s.ch\/fr\/fur-besuchende-fr\/besucher\/","title":{"rendered":"Infos visiteurs"},"content":{"rendered":"\n<p><\/p>\n\n\n\n<div class=\"wp-block-columns\">\n<div class=\"wp-block-column\" style=\"flex-basis:66.66%\">\n<h2><strong>ARRIV\u00c9E &amp; HEURES D&rsquo;OUVERTURE<\/strong><\/h2>\n\n\n\n<p><strong>O\u00f9 se d\u00e9roule le HR Festival et comment s&rsquo;y rendre ?<\/strong><\/p>\n\n\n\n<p><strong>Messe Z\u00fcrich,&nbsp;<\/strong>Wallisellenstrasse 49, 8050 Z\u00fcrich<\/p>\n\n\n\n<p><strong>Heures d&rsquo;ouverture 08h30 &#8211; 17h00<\/strong><\/p>\n\n\n\n<p><strong>Train \/ Tram \/ Bus<br><\/strong>Les voyageurs de la gare centrale de Zurich disposent de diverses liaisons avec <a href=\"https:\/\/www.sbb.ch\/fr\/home.html\" target=\"_blank\" rel=\"noreferrer noopener\">le train, le tram ou le bus<\/a> vers la gare d&rsquo;Oerlikon, ou directement vers la Foire de Zurich.\u00a0Depuis la gare d&rsquo;Oerlikon, la Foire de Zurich est accessible en quelques minutes \u00e0 pied.<\/p>\n\n\n\n<p><strong>Voiture<\/strong><br>Si vous arrivez par l&rsquo;autoroute depuis B\u00e2le, Berne, Coire, Lucerne et Saint-Gall, suivez le signet \u00ab\u00a0Z\u00a0\u00bb jusqu&rsquo;au parc des expositions de Zurich. Des places de stationnement sont disponibles dans le parking Messe Z\u00fcrich \u00e0 la Hagenholzstrasse.<\/p>\n\n\n\n<p><strong>Avion<\/strong><br>La Foire de Zurich se trouve \u00e0 seulement 10 km de l&rsquo;a\u00e9roport de Zurich, d&rsquo;o\u00f9 elle est accessible en 12 minutes par les transports publics.<\/p>\n<\/div>\n\n\n\n<div class=\"wp-block-column\" style=\"flex-basis:33.33%\">\n<p><strong>Messe Z\u00fcrich<\/strong><br>Halle 3+4+5+6<\/p>\n\n\n\n<iframe loading=\"lazy\" src=\"https:\/\/www.google.com\/maps\/embed?pb=!1m18!1m12!1m3!1d2700.053635722362!2d8.55066161563363!3d47.410894979172156!2m3!1f0!2f0!3f0!3m2!1i1024!2i768!4f13.1!3m3!1m2!1s0x47900a82732146c1%3A0x5da554673a6eaaa6!2sMesse%20Z%C3%BCrich!5e0!3m2!1sde!2sch!4v1599120299926!5m2!1sde!2sch\" width=\"400\" height=\"300\" frameborder=\"0\" style=\"border:0;\" allowfullscreen=\"\" aria-hidden=\"false\" tabindex=\"0\"><\/iframe>\n\n\n\n<p><\/p>\n<\/div>\n<\/div>\n\n\n\n\n\n<p><\/p>\n","protected":false},"excerpt":{"rendered":"<p>ARRIV\u00c9E &amp; HEURES D&rsquo;OUVERTURE O\u00f9 se d\u00e9roule le HR Festival et comment s&rsquo;y rendre ? Messe Z\u00fcrich,&nbsp;Wallisellenstrasse 49, 8050 Z\u00fcrich Heures d&rsquo;ouverture 08h30 &#8211; 17h00 Train \/ Tram \/ BusLes voyageurs de la gare centrale de Zurich disposent de diverses liaisons avec le train, le tram ou le bus vers la gare d&rsquo;Oerlikon, ou directement [&hellip;]<\/p>\n","protected":false},"author":1,"featured_media":0,"parent":7567,"menu_order":1,"comment_status":"closed","ping_status":"closed","template":"","meta":{"ub_ctt_via":""},"featured_image_src":null,"uagb_featured_image_src":{"full":false,"thumbnail":false,"medium":false,"medium_large":false,"large":false,"1536x1536":false,"2048x2048":false},"uagb_author_info":{"display_name":"at2S-Sam","author_link":"https:\/\/hrf-2023.at2s.ch\/fr\/author\/at2S-Sam\/"},"uagb_comment_info":0,"uagb_excerpt":"ARRIV\u00c9E &amp; HEURES D&rsquo;OUVERTURE O\u00f9 se d\u00e9roule le HR Festival et comment s&rsquo;y rendre ? Messe Z\u00fcrich,&nbsp;Wallisellenstrasse 49, 8050 Z\u00fcrich Heures d&rsquo;ouverture 08h30 &#8211; 17h00 Train \/ Tram \/ BusLes voyageurs de la gare centrale de Zurich disposent de diverses liaisons avec le train, le tram ou le bus vers la gare d&rsquo;Oerlikon, ou directement\u2026","acf":[],"_links":{"self":[{"href":"https:\/\/hrf-2023.at2s.ch\/fr\/wp-json\/wp\/v2\/pages\/5977"}],"collection":[{"href":"https:\/\/hrf-2023.at2s.ch\/fr\/wp-json\/wp\/v2\/pages"}],"about":[{"href":"https:\/\/hrf-2023.at2s.ch\/fr\/wp-json\/wp\/v2\/types\/page"}],"author":[{"embeddable":true,"href":"https:\/\/hrf-2023.at2s.ch\/fr\/wp-json\/wp\/v2\/users\/1"}],"replies":[{"embeddable":true,"href":"https:\/\/hrf-2023.at2s.ch\/fr\/wp-json\/wp\/v2\/comments?post=5977"}],"version-history":[{"count":5,"href":"https:\/\/hrf-2023.at2s.ch\/fr\/wp-json\/wp\/v2\/pages\/5977\/revisions"}],"predecessor-version":[{"id":7796,"href":"https:\/\/hrf-2023.at2s.ch\/fr\/wp-json\/wp\/v2\/pages\/5977\/revisions\/7796"}],"up":[{"embeddable":true,"href":"https:\/\/hrf-2023.at2s.ch\/fr\/wp-json\/wp\/v2\/pages\/7567"}],"wp:attachment":[{"href":"https:\/\/hrf-2023.at2s.ch\/fr\/wp-json\/wp\/v2\/media?parent=5977"}],"curies":[{"name":"wp","href":"https:\/\/api.w.org\/{rel}","templated":true}]}}

<p></p>



<div class="wp-block-columns">
<div class="wp-block-column" style="flex-basis:66.66%">
<h2><strong>ARRIVÉE &amp; HEURES D&rsquo;OUVERTURE</strong></h2>



<p><strong>Où se déroule le HR Festival et comment s&rsquo;y rendre ?</strong></p>



<p><strong>Messe Zürich,&nbsp;</strong>Wallisellenstrasse 49, 8050 Zürich</p>



<p><strong>Heures d&rsquo;ouverture 08h30 &#8211; 17h00</strong></p>



<p><strong>Train / Tram / Bus<br></strong>Les voyageurs de la gare centrale de Zurich disposent de diverses liaisons avec <a href="https://www.sbb.ch/fr/home.html" target="_blank" rel="noreferrer noopener">le train, le tram ou le bus</a> vers la gare d&rsquo;Oerlikon, ou directement vers la Foire de Zurich. Depuis la gare d&rsquo;Oerlikon, la Foire de Zurich est accessible en quelques minutes à pied.</p>



<p><strong>Voiture</strong><br>Si vous arrivez par l&rsquo;autoroute depuis Bâle, Berne, Coire, Lucerne et Saint-Gall, suivez le signet « Z » jusqu&rsquo;au parc des expositions de Zurich. Des places de stationnement sont disponibles dans le parking Messe Zürich à la Hagenholzstrasse.</p>



<p><strong>Avion</strong><br>La Foire de Zurich se trouve à seulement 10 km de l&rsquo;aéroport de Zurich, d&rsquo;où elle est accessible en 12 minutes par les transports publics.</p>
</div>



<div class="wp-block-column" style="flex-basis:33.33%">
<p><strong>Messe Zürich</strong><br>Halle 3+4+5+6</p>



<iframe loading="lazy" src="https://www.google.com/maps/embed?pb=!1m18!1m12!1m3!1d2700.053635722362!2d8.55066161563363!3d47.410894979172156!2m3!1f0!2f0!3f0!3m2!1i1024!2i768!4f13.1!3m3!1m2!1s0x47900a82732146c1%3A0x5da554673a6eaaa6!2sMesse%20Z%C3%BCrich!5e0!3m2!1sde!2sch!4v1599120299926!5m2!1sde!2sch" width="400" height="300" frameborder="0" style="border:0;" allowfullscreen="" aria-hidden="false" tabindex="0"></iframe>



<p></p>
</div>
</div>





<p></p>

<p>ARRIVÉE &amp; HEURES D&rsquo;OUVERTURE Où se déroule le HR Festival et comment s&rsquo;y rendre ? Messe Zürich,&nbsp;Wallisellenstrasse 49, 8050 Zürich Heures d&rsquo;ouverture 08h30 &#8211; 17h00 Train / Tram / BusLes voyageurs de la gare centrale de Zurich disposent de diverses liaisons avec le train, le tram ou le bus vers la gare d&rsquo;Oerlikon, ou directement [&hellip;]</p>

ARRIVÉE &amp; HEURES D&rsquo;OUVERTURE Où se déroule le HR Festival et comment s&rsquo;y rendre ? Messe Zürich,&nbsp;Wallisellenstrasse 49, 8050 Zürich Heures d&rsquo;ouverture 08h30 &#8211; 17h00 Train / Tram / BusLes voyageurs de la gare centrale de Zurich disposent de diverses liaisons avec le train, le tram ou le bus vers la gare d&rsquo;Oerlikon, ou directement…
